w(-8). Let o(r) = r**3 - 8*r**2 + 3*r - 3. Does 6 divide o(x)?
False
Suppose 15 + 3 = -3*b. Is (-6)/(b + (-4)/(-1)) a multiple of 2?
False
Let d(b) = -7*b**3 + 3*b**2 - 2. Suppose -2 = -3*i - 8. Does 22 divide d(i)?
True
Suppose 2 + 17 = -3*n + m, -2*n + 3*m = 15. Let o(q) = q**2 + 5*q - 2. Let j be o(n). Is (2/j)/((-5)/(-270)) a multiple of 9?
True
Let b(o) = 5*o + 21. Is b(0) a multiple of 6?
False
Let l be 1 + 0/(-2) - 20. Let x be -2*(l/2)/1. Suppose 4*g - 13 = -5*q, 4*g = -2*q - q + x. Is 7 a factor of g?
True
Suppose 0 = -4*h - v + 65, -2*h + 4*v + 9 = -19. Let j be (-1 + h)*2/6. Suppose -4*o - 2*g - 7 = -27, j*g - 29 = -3*o. Is 3 a factor of o?
True
Suppose -4 = -0*g + 4*g. Let x be (4 - 0) + (-1 - g). Suppose -4*z = i - 21, -x*i - 1 = -i - 4*z. Is 3 a factor of i?
False
Suppose 1 = f - d - 104, -2*d + 2 = 0. Let x = f + -58. Is 24 a factor of x?
True
Let f be -17 - 0/(-3)*1. Let h = f + 37. Is 5 a factor of h?
True
Let z = 15 + -1. Is z a multiple of 5?
False
Suppose -5*p = -p - 5*z - 117, 5*p = 2*z + 159. Suppose -h = -3, -2*x + 0*h = 3*h + 31. Let j = p + x. Is j a multiple of 5?
False
Suppose o = 3*h - 194, 2*h - 68 - 54 = -3*o. Does 16 divide h?
True
Let j be (0 - 1)/(1 - 2). Is j*-3 + (-78)/(-3) a multiple of 11?
False
Suppose -2*r = r - 120. Suppose -15*m = -11*m - r. Is m a multiple of 5?
True
Suppose u - 232 = 3*s, -2*u - 2*s - 452 = -4*u. Is 44 a factor of u?
False
Let p = 106 - 66. Let n = -25 + p. Is 5 a factor of n?
True
Suppose 5*t - 769 = -2*s - 2*s, -5*t = -s - 764. Is t a multiple of 32?
False
Let r(y) = -2*y + 14. Let k(x) = -x**2 - 9. Let l be k(0). Is 8 a factor of r(l)?
True
Does 6 divide (-1)/((-21)/36)*(-196)/(-8)?
True
Let j be 1 - (0 - 0/1). Let l be 0 - (2 - j) - -8. Let d = 26 - l. Does 7 divide d?
False
Suppose 57 = 4*d + d + 4*g, -48 = -5*d - g. Does 21 divide (-16)/(-72) - (-187)/d?
True
Let y(v) = -8*v - 2. Let m(i) = i**2 + 3*i - 2. Let c be m(-3). Is y(c) a multiple of 5?
False
Let a = 317 - 209. Is 12 a factor of a?
True
Let k(j) = -j**3 - 6*j**2 - 3*j - 9. Let u be k(-6). Suppose u = 2*a - 17. Is a a multiple of 10?
False
Suppose 10 = 3*s - 5*k, -2*k + 1 = -4*s + 5. Suppose q - 12 - 8 = s. Is 8 a factor of (-2*1 + 3)*q?
False
Let p(t) = -t + 12. Suppose 2*v + 2*v = 5*w + 38, 4*v - 8 = 0. Is 6 a factor of p(w)?
True
Let s(i) be the second derivative of -i**5/20 + i**4/2 + i**3/3 + 3*i**2 + 2*i. Does 13 divide s(6)?
False
Is 6 a factor of ((-42)/9)/(2/(-9))?
False
Suppose 4*x - 51 = 3*h - 5, -2*x + 10 = 5*h. Does 6 divide x?
False
Let u = -6 - -6. Suppose -3*a = 3*k - 108, u = -2*a - 0*k + 2*k + 68. Is a a multiple of 13?
False
Suppose 4*k = -5*v - 171, 0 = v + 5*k + 20 + 31. Suppose -5*t = -0*w - 4*w - 242, -t + 58 = -4*w. Let y = v + t. Is 8 a factor of y?
False
Let x(f) = 24*f + 3. Let s be x(-4). Let c = -64 - s. Is 15 a factor of c?
False
Does 18 divide 5 + -2 + 16 + -1?
True
Suppose 3*u - 8*u = -95. Is u a multiple of 5?
False
Let c(k) = -9*k**3 + 5*k**2 + 2*k + 3. Let b(d) = -d**3 + d**2 + d + 1. Let o(x) = 3*b(x) - c(x). Is o(1) a multiple of 5?
True
Suppose 2*i + 41 - 135 = 0. Let g = 9 + i. Is 15 a factor of g?
False
Let c be (-8)/44 - (-291)/(-33). Is 28 a factor of (-221)/(-3) - (-6)/c?
False
Suppose -7*b + 35 = -2*b. Let j = -4 - -5. Let m = j + b. Is 4 a factor of m?
True
Let i be 1/4 + 56/32. Does 5 divide ((-34)/(1 - 2))/i?
False
Suppose 5*r - 4*t = 135, -r - 4*t - t + 27 = 0. Let x = -1 + -2. Let m = r + x. Is 12 a factor of m?
True
Let s(j) = 26*j + 12. Let p be s(-9). Let y be p/(-1*(-2 + 4)). Let u = 156 - y. Is 18 a factor of u?
False
Let s(d) = 2*d**2 + 12*d - 7. Let c = 20 - 28. Does 11 divide s(c)?
False
Let a(f) = -6*f**3 - 2*f**2 - 2*f - 1. Let i be a(-1). Suppose -220 = -5*w + 3*p - 5*p, -i*p = 3*w - 132. Is w a multiple of 11?
True
Let t(x) = 3*x**2 - 2*x**2 - 2 + 2*x - 7*x. Let j be t(6). Suppose -j*u - 28 = -2*v, -4*u = u + 15. Is v a multiple of 6?
False
Suppose 219 = 3*p - 5*m - 25, 5*p + 4*m - 456 = 0. Is p a multiple of 20?
False
Let c be 15 + -3 + (3 - 3). Let g = -4 + c. Is 4 a factor of g?
True
Suppose -4*p = p - 75. Suppose 0 = 4*q + 2*a - 264, 2*q + 5*a = -2*q + 270. Suppose 5*g = 2*h - q, -g + 4*g = -p. Does 10 divide h?
True
Suppose 0 = 3*y + 224 - 908. Is 34 a factor of y?
False
Let z(a) = -5*a**2 + 0*a - a + 2*a + 4 + 2*a**3. Let n = -3 + 6. Is 9 a factor of z(n)?
False
Suppose 6*d - 168 = 2*d + 2*v, 0 = -5*v + 20. Does 12 divide (-1953)/(-33) + (-8)/d?
False
Let i be (4 + 0)*(-3)/(-6). Is 11 a factor of i*(1 + (-34)/(-4))?
False
Let i = -15 + 81. Let x = -32 + i. Is 14 a factor of x?
False
Suppose 68 + 148 = 4*g. Is g a multiple of 18?
True
Let t = -69 - -181. Is 16 a factor of t?
True
Let d(o) = -15*o**3 + 7*o**2 + 7*o - 5. Let l(b) = -2 + 14*b**3 - 3*b + 6 - 6*b**2 - 3*b. Let m(i) = -5*d(i) - 6*l(i). Does 5 divide m(-1)?
True
Let r(a) = a**3 - 8*a**2 + 2*a + 11. Let o be r(8). Suppose -5 = -5*h - 0. Let u = o + h. Does 13 divide u?
False
Let z(n) = -2*n - 1. Let m be z(-2). Suppose 0 = -3*x - 7 - 2. Does 3 divide (7 + x/m)/1?
True
Let r(l) = -l**3 - 3*l**2 + 2*l - 1. Let k be r(-4). Let s(u) = -19*u + 5. Let y be s(k). Is y/(-5) - (-4)/10 a multiple of 13?
True
Let h = -160 + 172. Does 2 divide h?
True
Let f be (-3)/(-9)*(0 - 0). Suppose 2*y + 3 - 15 = f. Is 6 a factor of y?
True
Suppose -4*b - 2*r = r - 70, 10 = 5*r. Does 4 divide b?
True
Let m = 3 - 6. Let k be m*2*(-4)/6. Suppose 0 = -k*j - 5*h + 63, -5*j + 126 = 5*h + 41. Is j a multiple of 13?
False
Let z(t) = -t**2 + 20*t + 5. Let s(k) = k + 1. Let w(l) = -6*s(l) + z(l). Does 13 divide w(10)?
True
Suppose 0 = 5*n + 2*i - 339, -167 = 4*n + 5*i - 428. Is 9 a factor of n?
False
Suppose -3*y = j - 6*j + 4, 5*y - 10 = 0. Does 11 divide j + 2/(-3)*-21?
False
Let q(t) be the third derivative of -t**4/24 + 2*t**2. Let u be q(-5). Suppose r = -r - 4*h + 22, r + u*h = 2. Is r a multiple of 9?
False
Let h(k) = -k + 12. Let j be h(11). Let y(c) = c**3 - 5*c**2 + 2*c. Let d be y(5). Is 14 a factor of (0 - j)*(-4 - d)?
True
Suppose -j + 6*j - 340 = 0. Is j a multiple of 35?
False
Let r(p) = -p**3 - 8*p**2 + 1. Let g be r(-8). Let v be g*(-4)/(-2)*2. Suppose v*o = 5*o - 42. Is o a multiple of 14?
True
Suppose -154 = -5*n - 3*f, -n + 5*f = -5*n + 131. Is n a multiple of 12?
False
Let r(p) = p**2 - 12. Is 12 a factor of r(-6)?
True
Let v be (3/(-2))/(3/(-6)). Let k = 57 - 3. Suppose v*r - k = r. Is r a multiple of 16?
False
Is (5 - (-1)/(-3))*9 a multiple of 3?
True
Let n(d) = 28*d + 2. Is 22 a factor of n(1)?
False
Does 24 divide (-2)/7 - (-904)/28?
False
Let b = 269 - 173. Suppose 2*v - 5*n = -0*v + b, -3*v + 163 = 2*n. Does 23 divide v?
False
Let m = 111 - 51. Is m a multiple of 12?
True
Let n = -41 + 151. Let c = n + -60. Does 25 divide c?
True
Suppose 3*y + b - 9 = 6, 4 = -2*y + 4*b. Suppose -y*f + 2*x + 93 = -3*x, -3*x = -2*f + 49. Does 5 divide f?
False
Let u = 146 + -103. Suppose 5*p = 183 - u. Does 14 divide p?
True
Let n be 3 + (-1)/1 + 3. Suppose 3*c - n*c + 2 = 0. Is 19 a factor of 4/(42/38 - c)?
True
Let n = 7 + -3. Suppose 9 = 2*z + 5*h, n*h - 7 = 2*z + 29. Let a = z - -14. Is 3 a factor of a?
True
Suppose -4*p - 99 = 2*b - 451, -5*p = -4*b - 466. Does 30 divide p?
True
Let b(v) be the first derivative of v**3/3 + v**2/2 - 2*v - 1. Suppose 6*x + 20 = x. Is b(x) a multiple of 10?
True
Let b(u) = 7*u + 66. Does 20 divide b(10)?
False
Let v be -12 - (-2 + 15/3). Let s = v - -25. Is 5 a factor of s?
True
Let b be (15/(-6) - -2)*18. Let g = -7 - b. Does 2 divide g?
True
Let d = -2 - -5. Is 18 a factor of 267/15 - d/(-15)?
True
Let w be (-4)/2 + (7 - 0). Let d = 0 + w. Is d even?
False
Suppose -4*d - 12 = -24. Does 3 divide d?
True
Suppose 0 = -4*i - u + 107, -7*u = 2*i - 4*u - 61. Suppose -3*s + i = -37. Does 7 divide s?
True
Let u(s) = -13*s**3 - 2*s**2 + 1. Does 3 divide u(-1)?
True
Suppose -380 = -9*z + 7*z. Does 17 divide z?
False
Let r(a) = -a**3 - 2*a**2 - 2*a. Let k be r(-4). Suppose 9*n = 4*n + k. Does 3 divide n?
False
Let m = -17 + 47. Does 7 divide m?
False
Suppose -4 = -4*m, -3*w - 3*m = w + 1. Is (-11 + w)*(-52)/8 a multiple of 26?
True
Suppose -64 = -4*t + 5*a, 3*t - 64 = -t + 3*a. Is 4 a factor of t?
True
Suppose 3*q + 0*q - 6 = 0. Suppose 3*n = -q*n + 100. Does 10 divide n?
True
Suppose g +